 Let t(k) = p + k - 3*k**3 + 2*k**3 + 0. Let c = -10 + 12. Give t(c).
-5
Let x(w) = w - 1. Let i = 10 + -8. Calculate x(i).
1
Let d(z) = 6 - 8*z**2 + z**2 - 16 + 9. Calculate d(1).
-8
Suppose -3*n = 3*z, n = -3*z - z. Let j(i) = 2*i**2 + i**2 - 4*i**2 + n + 3. Suppose m + 4*m = 0. Determine j(m).
3
Suppose 2*f + 15 = 7*f. Let p(v) be the second derivative of -2*v**3/3 + 2*v**2 + 30*v. Determine p(f).
-8
Let w(z) = -2*z - 20. Let p be w(-9). Let v(k) = k + 1. Calculate v(p).
-1
Let v = 21 + -18. Let f(b) be the second derivative of b**2 - b - 1/3*b**v + 0. What is f(4)?
-6
Let y(o) be the third derivative of o**6/120 - o**5/15 - o**4/6 - o**3 - 8*o**2. Let i(v) = v**2 - 7*v + 5. Let n be i(7). Give y(n).
-1
Let h(d) = 15 + 6*d + d**3 + 9 - 22 + 5*d**2. Let v(w) = w**3 + w**2 - 4. Let s be v(0). Determine h(s).
-6
Let u(c) = c + 11. Let t be u(-6). Let d(r) be the second derivative of -r**4/12 + r**3 - r**2 + 32*r. Give d(t).
3
Let x(m) be the third derivative of 0 - m**2 + 1/24*m**4 + 1/6*m**3 + 0*m. Give x(-5).
-4
Suppose -2*o = -o + 1. Let z(j) = j + 1. What is z(o)?
0
Let p(o) = -4*o - 6. Let n be ((-3)/(-4))/(11/(-88)). Calculate p(n).
18
Let j be (16/(-6))/(8/12). Let t(k) = -3*k - 3 + 0*k**2 - k**2 + 5. Calculate t(j).
-2
Let p = -25 + 27. Let m(z) be the first derivative of 0*z**3 + 0*z + 2 - 1/2*z**p + 1/4*z**4. Calculate m(-2).
-6
Let f be ((-1)/2)/(2/4). Let w(x) = -18*x**2 + x**2 + x + 20*x**2. What is w(f)?
2
Let f(o) = o**2 - 2. Let s = 15 + -22. Let r = -7 - s. Calculate f(r).
-2
Suppose 0 = -2*h - h - 6. Let f(m) = -m**3 + m - 1. Give f(h).
5
Let i(g) = 19*g - 11. Let s(r) = -7*r + 4. Let a(v) = -3*i(v) - 8*s(v). Determine a(8).
-7
Let o(u) be the third derivative of u**6/240 - u**5/30 + u**4/6 + 4*u**2. Let v(l) be the second derivative of o(l). Give v(3).
5
Let r(p) be the third derivative of -p**4/12 - 5*p**3/6 + p**2. Suppose -4 + 14 = 5*c. Let q = c - 7. What is r(q)?
5
Let v = -9 - -3. Let k(a) = a**2 + 8*a - 5. Let h(n) = 3*n**2 + 25*n - 14. Let z(s) = 2*h(s) - 7*k(s). Determine z(v).
7
Let c(b) = 11*b - 2. Let t(p) = -5*p + 1. Let j(s) = 6*c(s) + 13*t(s). Calculate j(-2).
-1
Let x be ((-2 - -3) + -1)*(-1)/(-2). Let f(j) = j**2 - j + 11. Give f(x).
11
Let n(a) = 2*a**3 + 2*a**2 - a. Let y be 4/26 + (-74)/(-26). Let q be (y - 2)*(1 - 0). Determine n(q).
3
Let x = -4 - -4. Let r(d) = -d - 5. Let g be r(x). Let c(n) = -7*n**2 + 2*n - 9. Let t(s) = 15*s**2 - 5*s + 19. Let u(b) = 13*c(b) + 6*t(b). What is u(g)?
-8
Let h(c) = 4*c + 3. Suppose -5*t - 20 = -10*t. Suppose j + 0*j + t = 0. What is h(j)?
-13
Let p(r) = r**3 - 5*r**2 - 6*r + 6. Suppose -u = u - 12. What is p(u)?
6
Let s(p) = -5*p - 4. Let f be s(-2). Let r be 32/20 + f/15. Let a(c) = -4*c - 2. What is a(r)?
-10
Let o(v) = -1 + v + 1 + 4. Suppose 7 = 4*g + 31. What is o(g)?
-2
Let s(d) = d. Suppose -7 = -4*h + 5. Suppose 11 = h*v + 2*b - 2, v + 2*b = 3. Determine s(v).
5
Suppose -3*m - 7 = -2*m. Let h(c) = -2*c**2 - c - 5. Let d(q) be the first derivative of -q**3/3 - q**2/2 - 3*q - 2. Let r(s) = m*d(s) + 4*h(s). Determine r(5).
-9
Let q(a) = -2*a + a**3 + a + a**2 + 2*a**2. Let p = -3 - 0. Calculate q(p).
3
Let w be 5 + (-1)/((-1)/(-4)). Let c(m) = 4*m + 2 + 0 + 1 - w + m**2. Calculate c(-4).
2
Let i(a) = -a**3 + 5*a**2 + 6. Let b = 7 - 11. Let o(k) = -2*k**2 - 5*k + 2. Let h be o(b). Let t(w) = -w**2 - 10*w + 5. Let v be t(h). What is i(v)?
6
Let n(h) = -14*h**3 + 3*h**2 - 3*h + 1. Let p(z) = 43*z**3 - 10*z**2 + 10*z - 3. Let w(u) = -7*n(u) - 2*p(u). Calculate w(1).
11
Let m(k) = k**3 + k - 3 - k + 3*k + 0*k + 5*k**2. Suppose 6*v + 8 = 4*v. Calculate m(v).
1
Let x(m) = -2*m**2 + 5*m + 5. Let i(j) = -2*j**2 + 5*j + 6. Let u(b) = 2*i(b) - 3*x(b). Calculate u(4).
9
Let s = -67 - -73. Let m(j) = -2*j - 7. Determine m(s).
-19
Let z(r) = -r**2 - 3*r + 2. Let k be z(-3). Let m(c) = -1 - 1 - 2*c**k + 4*c - 8*c - c**3. Calculate m(-2).
6
Let y(v) = -4*v - 3*v + 10*v. Let u be 2/3*6/4. Determine y(u).
3
Let r(k) = -1. Let b(h) = 7*h + 3. Let o(f) = -b(f) - 2*r(f). Determine o(1).
-8
Let y(m) = m**2 + 3*m - 3. Let o be y(-3). Let p = 17 + -13. Let h(x) = 7*x - 5*x - 3*x + p. Calculate h(o).
7
Suppose 8*z - 61 = 11. Let r(n) = n - 7. Give r(z).
2
Let w = 4 - 6. Let t = 1 - w. Suppose -2*a - t - 1 = -3*h, -4 = 2*a + 2*h. Let q(m) = -2*m**3 - m**2 + 2*m. What is q(a)?
8
Let r(u) = -2*u + 2. Let x(j) = j. Let p(v) = r(v) + 3*x(v). Let s be 0 + (1 + 0 - 1). Give p(s).
2
Let a(z) = 11*z + 4. Let o(b) = -4*b - 1. Let j(x) = 3*a(x) + 8*o(x). Let d be j(-4). Let l(m) = m - 1 - 2*m - 8. Determine l(d).
-9
Let h(a) = -4 - a + 1 - a**2 - 6*a + 5*a. Calculate h(-2).
-3
Let q(i) be the first derivative of -i**4/12 + 7*i**3/6 + i**2/2 + 4. Let p(o) be the second derivative of q(o). Calculate p(6).
-5
Let d(n) = 2*n**2 - n - 4. Let f(t) = -3*t**2 + t + 6. Let g(u) = 8*d(u) + 5*f(u). Suppose 3*k = -4*a + 3, 5*k + 11 - 45 = 3*a. Determine g(k).
8
Let w(u) = -u + 1. Let c(k) = 2*k - 5. Let j(n) = -2*c(n) - 6*w(n). Calculate j(-4).
-4
Let q(t) = t**2 + 5*t - 5*t + 7*t + 6. Let k be (4 - 3)*(2 + -7). Calculate q(k).
-4
Let v(f) = f**3 + f**2 + f - 1. Suppose -2*w - 3*r = -13, 5*w + 5*r = 7 + 18. Let i(o) = -w*o + 7 + o + 0. Let d be i(7). Determine v(d).
-1
Let w(c) be the third derivative of c**3 + 2*c**2 + 0 + 0*c + 1/24*c**4. Give w(0).
6
Suppose 0 = 5*c - 2*c - 6. Let i(j) = -2 - 3*j + 6 - 3 + j**c + j**3. Give i(2).
7
Let p(b) be the first derivative of -2 + 1/24*b**4 + 0*b - 2/3*b**3 + b**2. Let l(d) be the second derivative of p(d). Determine l(5).
1
Suppose 4*w + 30 = 3*g + w, 8 = -4*w. Let t(c) = c - 14. Determine t(g).
-6
Let a(o) be the first derivative of -1 + 6*o - 5/3*o**3 - 7/2*o**2 + 1/4*o**4. Calculate a(6).
0
Let a(f) = f**3 - 6*f**2 + 4*f + 2. Let c be a(5). Let o be -2 - -2 - (-2 + 1). Let y = o + c. Let s(i) = i + 4. Calculate s(y).
2
Let n be (1 - 3)*(2 + 0). Let p(g) = 25 + 20 - 46 + g. What is p(n)?
-5
Let a = 26 - 25. Let d(m) = -2 + a - 2 - m + 1. Give d(-5).
3
Let t(i) = -2*i - 4. Let u(f) = -4*f - 9. Let b(l) = 5*t(l) - 3*u(l). Calculate b(-6).
-5
Let r(f) = f**3 + 5*f**2 - 2*f + 1. Let h(p) = p**3 + 4*p**2 - 2*p + 1. Let v(z) = 4*h(z) - 3*r(z). Suppose 0 = -0*a + 4*a + 12. What is v(a)?
-11
Let u(p) = p**3 - 3*p**2 + 3. Let f(w) = w**3 - 20*w**2 + 20*w - 16. Let i be f(19). What is u(i)?
3
Let k(b) = 10*b**3 - 15*b**2 - 4*b + 2. Let q(w) = -3*w**3 + 5*w**2 + w - 1. Let m(n) = -2*k(n) - 7*q(n). Calculate m(4).
-9
Let k(q) = q + 11. Let x be k(-7). Let v(z) = z + 8 + 1 - x. Determine v(-5).
0
Let u(t) = 4*t**2 - 1. Let o be u(1). Suppose 0 = o*i - i. Let v(x) = x**3 + x**2 - x - 7. Calculate v(i).
-7
Let q(f) = 5*f. Let h be q(1). Suppose 4*y = -h*w - 108, -3*y + 108 = -4*w + y. Let u be w/(-6)*10/(-8). Let a(i) = 2*i + 2. Calculate a(u).
-8
Let b = 21 - 30. Let p = b + 10. Let t(l) = -3*l**3 - 2*l + 1. Determine t(p).
-4
Let n(q) = 2*q + 5. Let i be 12 + (2 - 2) + 3. Let t(g) = -2*g + 4*g - 10*g**2 + g**3 + i - 4*g. Let p be t(10). Determine n(p).
-5
Let r = -6 + 9. Suppose 0 = -2*u + 1 + r. Suppose -4*m - 5*i = 10, -m - 3*m + i + u = 0. Let k(p) = p**3 - p**2 + p + 6. Calculate k(m).
6
Let k(j) = -j**2 + 3*j. Let r be (-7 - 6/(-2)) + 1. Suppose -4*a + 3*l = a + 50, -l + 5 = 0. Let m = r - a. What is k(m)?
-4
Suppose -4*a - 2*i + 34 = 0, -4*a + 27 = -5*i - 0*i. Suppose -4*n + 4 = -a. Suppose 0 = -n*x - 3 - 0. Let h(b) = -8*b**3 - b**2 + 1. What is h(x)?
8
Let z = 12 - 9. Suppose -4*h + 14 = p, 0 = -h - z*p - p + 11. Let g(c) = h*c**2 + 4*c**2 - 4*c**2 + 3 + 4*c. Give g(-2).
7
Let r(s) = 4*s + 1. Suppose -1 + 4 = -a. Determine r(a).
-11
Let y(n) = n**2. Let z(b) = 3*b**2 - 6*b - 2. Let q(v) = 4*y(v) - z(v). Let s be (0 - 3) + (-4)/4. What is q(s)?
-6
Let q(v) = v**3 - 2*v. Let c be q(2). Let h(y) = 2*y**2 + 4*y + 4*y + 2 - c*y. Suppose 2 + 8 = -5*b. Calculate h(b).
2
Let c(k) = 3*k. Let t be c(1). Let s(h) be the first derivative of -h**4/12 + h**3/6 - 4*h - 4. Let m(d) be the first derivative of s(d). Calculate m(t).
-6
Let x(s) = s + 2*s**2 - 19 + 47 - 26. Suppose -h = -2*q - 4, -4*q + 20 = -5*h - 2*q. Let i = 4 + h. Calculate x(i).
8
Let b(f) be the second derivative of -f**5/20 - f**4/2 + 11*f**3/6 + 5*f**2/2 + 9*f. What is b(-7)?
-23
Let v(y) = y**2 + 7*y + 2. L